e ((-12)/33)/((-14)/77). Suppose -3*p + y + 24 = 0, -2*p + w*y + 16 = -y. Suppose p*f = f + 210. What is the units digit of f?
0
Let q be (-9 - 2)/(5/(-50)*-5). Let g(k) = k**3 + 23*k**2 - k - 25. What is the tens digit of g(q)?
8
Suppose 0 = 13*c - 2136 - 48. What is the units digit of 72/c - (-3774)/14?
0
Let p(r) = -10*r - 5. Let z be p(-2). Suppose -z*j + 15 = -10*j. Suppose 3*u - 120 = -5*y + 477, -j*u - 3*y + 603 = 0. What is the tens digit of u?
0
Let w(z) = 1 + 7*z + 3 + z - 10*z. Let u be w(1). Suppose -5*n - 82 = -u*t - 4*n, 0 = 3*t + 2*n - 137. What is the tens digit of t?
4
Let b be (27/(-2))/(15/(-10)). Suppose 4*d = 4*w - 552, -2*d = -5*w + b*w - 552. What is the units digit of w?
8
Let t be (-6)/(-15) - 1120/50. Let w be t/(-6) - (-21)/63. Suppose 27 = 5*s + r, w*r + 0 = -3*s + 6. What is the units digit of s?
6
Suppose -5*p = 3*r - 37, -p - 15 = -2*r - 3*r. Suppose -r*s + 4*s = 2*s. Suppose -6*n + 4*n + 270 = s. What is the tens digit of n?
3
Suppose 4*h - 11 - 5 = 0. Suppose 0 = h*s + 2*m - 1476, s = 3*m - 7*m + 369. What is the tens digit of s?
6
Let h(i) = i**2. Suppose 0 = 8*d - 2*d - 78. Let y = d - 16. What is the units digit of h(y)?
9
Let j(f) = 7 + 7 - 284*f - 3 - 4. Let x be j(-1). Let c = x - 137. What is the hundreds digit of c?
1
Let k(n) = n**2 - n + 211. Let a be (-5)/(-2)*2 - (-35)/(-7). What is the tens digit of k(a)?
1
Let j = -54501 - -84157. What is the units digit of j?
6
Suppose 5*d = 13 + 2. Suppose 0 = 4*g - 2*q + 5*q - 63, d*q = -g + 27. Suppose -6*s - 522 = -g*s. What is the tens digit of s?
8
Let y(f) = 192*f + 17738. What is the units digit of y(0)?
8
Suppose -4*o + 31834 = 5*c - 157249, 2*o = c - 37825. What is the thousands digit of c?
7
Suppose 2019*p - 2004*p - 112620 = 0. What is the thousands digit of p?
7
Let q(t) = 3*t - 13. Let u be q(-29). Let w = 179 + u. What is the units digit of w?
9
Let a = 21186 - 14660. Suppose 0 = 28*q - a - 1118. What is the hundreds digit of q?
2
Let m(q) = 6*q**3 - 11*q**3 + 6*q**3 + q + 2*q**2. What is the units digit of m(3)?
8
Suppose a = -2*i - 0*a - 22588, -5*i + 2*a - 56488 = 0. What is the units digit of 2/3 - (i/6)/8?
6
What is the tens digit of (-4570175)/(-300) - (4 - (-245)/(-60))?
3
Let z = 35 - 15. Let b = -18 + z. Let t(k) = 13*k**2 + 3. What is the tens digit of t(b)?
5
Suppose 2*x = 2*s + 46224, 4*x - s - 92433 = -0*s. What is the hundreds digit of x?
1
Let w(t) = 114*t**3 - 28*t**2 + 202*t - 95. What is the hundreds digit of w(7)?
0
Suppose -17 = 11*o - 259. What is the tens digit of (-18 + -9)*o/(-3)?
9
Let c = 31 - -1113. Let j = 137 + c. Suppose -50 - j = -11*n. What is the hundreds digit of n?
1
Let i(j) = 3 + 121*j + 444*j - 7 + 3. What is the tens digit of i(1)?
6
Let c be (-4)/(-1) - (-6)/(-3). What is the hundreds digit of (-3*3 + c)*(-1196)/13?
6
What is the tens digit of 10/(-35) - (-4 + 313505/(-35))?
6
Suppose 18*y - 22540 - 52088 = 0. What is the hundreds digit of y?
1
Suppose 167*r + 3025156 - 13658380 = 0. What is the thousands digit of r?
3
Let z = -33317 - -87793. What is the tens digit of z?
7
What is the thousands digit of 9549*((-770)/45)/(-11)?
4
Suppose 85*o + 242636 = 446311 + 494005. What is the tens digit of o?
0
Let d = -336 + 349. Let r(q) = -q**3 + 16*q**2 + 16*q + 7. What is the tens digit of r(d)?
2
Let q(n) = n**3 - 5*n**2 + n + 3. Let g be q(6). Let l = g + -43. Suppose -l*f + 6 = -112. What is the units digit of f?
9
Suppose 473222 - 728131 = -254*x + 1630279. What is the hundreds digit of x?
4
Suppose 112218 - 308506 = -32*n. What is the thousands digit of n?
6
Suppose -19*a = -15*a - o - 204, 255 = 5*a + 3*o. Suppose -a*j = -59*j + 11096. What is the thousands digit of j?
1
Let s = 3 + 4. Suppose 5*i + 5*r + 45 = 0, 4*i - 3*r + s = -15. What is the tens digit of (-8)/(-28) - (341/i - 1)?
5
Suppose 0 = -3*x + 5*s + 51511, 4*x = 3*s - 6947 + 75654. What is the hundreds digit of x?
1
Suppose 4*w + 17 = -3, 17 = 3*a - w. Suppose a*r = -5*u + 2807 + 1654, u - 1 = 0. What is the hundreds digit of r?
1
Let i(j) = -j**3 - 9*j**2 - 2*j - 4. Let h = 62 - 69. Let n be i(h). Let y = n + 186. What is the tens digit of y?
9
Suppose -5*l + l = -5*k + 3, k = 3*l - 6. Suppose l*p = 3*s - 0*p - 147, s + 5*p = 31. Suppose -h = -s - 22. What is the tens digit of h?
6
Let m(p) = -4*p**2 - 31*p + 8. Let s be m(-8). Suppose s = -59*c + 65*c - 5142. What is the units digit of c?
7
Let c(t) be the first derivative of -2*t**2 - 15*t - 169. Let f = 26 - 39. What is the units digit of c(f)?
7
Let i = 16625 - -2566. What is the units digit of i?
1
Suppose 0*p + 18*p = 54. Suppose p*v - 1249 + 507 = -q, 0 = q - 1. What is the hundreds digit of v?
2
Let i = 3238 + -1294. What is the hundreds digit of i?
9
Suppose -236*j - 945794 - 341926 = -326*j. What is the ten thousands digit of j?
1
Let n(r) = -r**3 - 10*r**2 + 3*r + 27. Let d be n(-10). Let j(s) = -327*s + 61. What is the units digit of j(d)?
2
Suppose -r - 2*t - 23271 = -104898, -4*t + 408159 = 5*r. What is the units digit of r?
5
Let k = 2110 + -2107. Let l be (0 - 2)/((-4)/(-6)). What is the tens digit of 100 - (1/k)/((-1)/l)?
9
Suppose -4*m - 4487 + 10694 + 7297 = n, 0 = -2*n. What is the units digit of m?
6
Let a(j) = 8944*j - 265. What is the hundreds digit of a(1)?
6
Let r be (-3939)/18 + 1/(-6). What is the units digit of (23 - r) + -7 + 2?
7
Suppose -7*g + 49 + 7 = 0. Suppose 0 = 3*q + s - 2 - g, -q = 4*s - 18. What is the tens digit of 76/q + 4*-1?
3
Suppose -37 = 5*c - 7. Let x(l) = -l**3 + 3*l**2 + 7*l - 8. Let z be x(c). Suppose 4*j - z + 18 = 0. What is the units digit of j?
4
Let v(l) = -12*l**2 - 6*l + 8. Let d(g) = 11*g**2 + 5*g - 7. Let w(p) = 3*d(p) + 2*v(p). Let o be w(4). Suppose -j + 0*j = -o. What is the units digit of j?
1
Let k = -34 + 37. Let f(n) = 2 - 4*n + k*n + 1116*n**2 - 923*n**2. What is the units digit of f(1)?
4
Suppose -p = -h + p - 111, 0 = 5*h + 4*p + 513. Let b = -100 - h. Suppose 0 = -5*o - 3*r + 1379, -7*r = b*o - 2*r - 1385. What is the tens digit of o?
7
Suppose 4*x = 23173 - 1029. What is the tens digit of 24/16*x/12?
9
Let h(m) = 1641*m**2 + 97*m - 398. What is the units digit of h(4)?
6
Let c be (-34)/8*(-1 + 9). Let o = 9 + c. Let s = o + 34. What is the units digit of s?
9
Let a(q) = 2*q**3 - q**2 - q + 5. Let s(v) = -13*v**3 + 19*v**2 + 40*v - 37. Let c(t) = 6*a(t) + s(t). Suppose -16 = -3*f + 29. What is the units digit of c(f)?
3
Suppose 3*j = 5*u - 25376 - 16205, 0 = -2*u + 3*j + 16627. What is the units digit of u?
8
Let n(z) = 56*z + 155. Let j be n(-13). Let p = j - -1380. What is the units digit of p?
7
Suppose -9*v + 13*v = 60. Let q be (-10)/v*(-3)/2. What is the tens digit of 4/(-18) + 1244/9 + q?
3
Let n = 192 - 186. What is the tens digit of (n/(-14))/1 + (-2168)/(-28)?
7
Suppose z - 4*t = -3*z + 60, -t + 45 = 5*z. Suppose c - z = 2*o, 0*o = 4*c - 4*o - 20. Let b(k) = -k + 66. What is the tens digit of b(c)?
6
Suppose -4*x + 2*x = 0. Let t(m) be the first derivative of m**3/3 + 74*m - 3. What is the tens digit of t(x)?
7
Suppose 142*l - 4800042 = -4*l. What is the tens digit of l?
7
Let r(x) be the first derivative of -53*x**2/2 - 37*x - 132. What is the hundreds digit of r(-6)?
2
Suppose 0 = 5*q + p - 13, -3*p = -6*q + 5*q - 7. Suppose -q*c + 748 + 18 = -5*a, 4*a - 1849 = -5*c. What is the units digit of c?
3
Let g = -54 - -139. Suppose 4*m = 35 + g. What is the units digit of ((-68)/5)/(114/m + -4)?
8
Let t be (-3)/(-1) + (-3)/(-6)*-2. Let r be (-46)/(-12) - (-5)/30. Suppose t*c + r*v = c + 85, 0 = -3*v - 12. What is the hundreds digit of c?
1
Let p(k) = 13*k + 32. Let v(y) = 13*y + 31. Let d(f) = 3*p(f) - 2*v(f). Let o be d(-12). What is the units digit of (-6)/(-3) - (o + 0)?
4
Let p(s) = s**2 - 10*s + 9. Let y be p(9). Suppose -3*t = -2*a + 449, y = -3*a - 0*t - 2*t + 680. What is the tens digit of (-3)/(-9)*a + (-2)/6?
7
Let g = -11306 + 21516. What is the hundreds digit of g?
2
Let s(p) = 168 - 462 + 103*p + 19*p. What is the thousands digit of s(12)?
1
Suppose 3*a = 2*t + 85409, a + 2649*t - 2651*t = 28471. What is the hundreds digit of a?
4
Let l be 0 - (-103*19 + 4). Suppose 3*u + l = 10*u. Suppose 36 + u = 5*n - 5*j, 4*n - 264 = -2*j. What is the tens digit of n?
6
Let x(y) = 2*y**3 + 142*y**2 - 227*y + 381. Wha